6 - (-4 - -3))?
5
Evaluate -5 + 2 + (5 - 5) + 2.
-1
18 - (10 + (1 - 1))
8
2 + 1 - (8 + 2 + -9)
2
17 - (-16 + 15 - (1 + -10))
9
Evaluate (-2 + 8 - 2) + (-18 - -18).
4
Calculate (-5 - (-4 - -3) - -8) + -3.
1
What is the value of -1 + 1 + (-18 - -12) - -1?
-5
What is the value of (10 - 0) + -12 + 9?
7
What is (-1 - -12) + -9 + (11 - 7)?
6
Evaluate -3 + (4 - (1 - 0) - 5).
-5
-2 + 1 + -4 + (8 - 5)
-2
Evaluate -1 - -6 - 6 - -2.
1
What is 2 + (-2 - (-3 - -4) - -2)?
1
What is the value of -1 + 1 + 1 - 0?
1
-6 + (13 - (-9 - -11))
5
What is the value of -70 + 54 + 18 + -3?
-1
Calculate (-21 - -17) + (-4 - -3).
-5
Evaluate -7 - (7 + -7 - 0).
-7
((4 - -1) + -3 - -2) + -2
2
Calculate -1 - -1 - (4 - 1 - 4).
1
Calculate 16 + -31 + 1 + 13.
-1
What is -8 + (10 - 5) + (-3 - -9)?
3
What is the value of 3 - (10 - 0) - (-1 - 1)?
-5
What is the value of (-17 - -13 - -5) + 1 + 5?
7
What is the value of 1 + (3 - (0 - -1 - 2))?
5
2 - (2 + (5 - 6))
1
-3 + (0 - -3) - 2
-2
What is the value of (-3 + 5 - -2) + -4?
0
What is the value of 1 + -2 + 1 - -2?
2
Calculate (3 - (3 + 0)) + -1.
-1
What is the value of 0 + 5 + (-2 - 6) + 4?
1
What is -3 - (3 - 10 - (1 + 0))?
5
2 + (2 - -2 - (6 - 3))
3
What is -4 + 0 - (-27 - -21)?
2
What is 7 + -11 - -2 - 2?
-4
What is the value of (7 - 3) + 1 - 9?
-4
Calculate 9 + 0 - (34 - 34).
9
-2 - (0 + -5 + 0)
3
Calculate -11 - (-5 - (-10 - -11)).
-5
What is (16 - 9) + -5 + -6?
-4
Calculate -4 + 16 + -13 + (-3 - 0).
-4
What is 37 - 39 - (0 - -1)?
-3
What is 4 + -7 - -3 - (-14 + 15)?
-1
What is the value of -2 - (-3 + 0 - -3)?
-2
Evaluate (-7 - (24 + -22)) + (2 - 1).
-8
Evaluate (-2 - 0 - -6) + 0.
4
Calculate -1 + 5 - (15 - 5) - -3.
-3
What is the value of 4 + 0 + (17 - 17)?
4
What is 0 + (0 - -1) - (-3 - -8)?
-4
Calculate -1 - (-7 - ((-1 - -5) + -5)).
5
What is (-2 - 2) + -5 - -14?
5
What is -9 - (-1 + 8 + -7 - 5)?
-4
What is -2 + 6 + (-7 + 7 - 3)?
1
What is the value of 1 + -1 + -1 - (2 - 3)?
0
Calculate 2 - (-1 - 2 - -2).
3
Evaluate -1 + 1 + -7 + 14.
7
What is -4 + 6 + 1 - 6?
-3
Calculate -6 + (-6 + 5 - -5) + -1.
-3
(1 - (-7 - -5)) + (-8 - 0)
-5
3 - (6 + -8 + 1)
4
-6 - -5 - 1 - -1
-1
Evaluate 5 + (-1 + -3 - 0).
1
What is the value of 0 - (-2 + 0) - (10 + -11)?
3
Evaluate 3 - (9 + -4 + (-8 - -9)).
-3
Calculate (-22 - (-4 + -9)) + 10.
1
(2 + 0 - 2) + (0 - -3)
3
Calculate 4 - (-2 - -14) - -3.
-5
What is the value of -7 - -5 - ((4 - 1) + 0)?
-5
What is the value of -3 - (-12 + 6 + -1)?
4
Evaluate -8 + (20 - 7) + -2.
3
What is 3 + 1 + 0 + -2 + -2?
0
Calculate 3 - (-4 - 1) - 6.
2
What is the value of (-23 - -13) + (12 - 3)?
-1
What is -27 - -24 - (-9 - (-3 - -2))?
5
Evaluate (-21 - -13) + 7 - 0.
-1
Calculate -3 + 8 + -4 + -2 + 0.
-1
Calculate 8 + -11 + 9 + 3.
9
Evaluate (0 - 1) + -6 - -3.
-4
Evaluate (-23 - (-28 + 14)) + (0 - -6).
-3
What is the value of (2 + -4 - -3) + -4 - -3?
0
(-20 - -25) + (-6 - (-4 + 2))
1
Evaluate (-4 - (-21 + 12)) + (-11 - -1).
-5
What is the value of 3 + -1 + 11 + -1 + -11?
1
Evaluate (3 - (-2 - (7 - 6))) + -2.
4
Evaluate 1 + -3 - (5 + -10 + 8).
-5
(0 - 0) + 5 + 3 + -11
-3
What is -1 - -1 - (-9 + (-3 - -8))?
4
What is (-9 - (-1 + -18)) + -1?
9
Calculate -6 + 5 + 4 + 0 - -4.
7
-1 - (-2 + -1 - (-10 + 3))
-5
What is the value of -5 - -4 - (-3 - -6)?
-4
What is -5 + 0 + (5 - -2)?
2
Evaluate 6 + -8 - (10 - 6).
-6
What is the value of (-2 - 7) + 1 - -1?
-7
What is the value of 5 + (-2 + 7 - 11)?
-1
What is the value of 3 + 7 + -5 - -2?
7
Evaluate (-11 - (3 + -14)) + 5.
5
What is the value of (-20 - (0 + -10)) + 17?
7
Evaluate 3 + 3 + 1 + -4.
3
What is -8 - -8 - (-2 - -1) - 3?
-2
Calculate -4 + -8 + 9 + 1 + -2.
-4
What is the value of (20 - 17) + (0 - -1)?
4
Evaluate 13 + -6 + -2 + 0.
5
What is the value of 2 + 2 + (5 - 4)?
5
(0 - 1) + 0 - (-1 + -2)
2
Evaluate -1 + -1 - (-2 + -2).
2
What is -9 + 3 - (-8 - -11)?
-9
What is (23 - 26) + -2 + 12?
7
Calculate 42 + -37 - (-1 - -4).
2
Evaluate -3 + 2 + 0 + (5 - 2).
2
Evaluate -2 - ((1 - -1 - 4) + -3).
3
-5 + -3 + 9 - 0
1
Calculate (-1 - (7 + -4)) + 8 + -1.
3
8 + -1 + -6 + 4 + 1
6
Calculate -2 - (-3 - 0 - 1).
2
Evaluate 1 + 2 + -5 + 1.
-1
What is the value of -3 - (-14 + 20) - (0 - 5)?
-4
Evaluate 6 - (-10 + -9 + 24).
1
What is the value of (3 - (4 - (1 - -4))) + -2?
2
What is (-11 - -6) + 7 - (-1 + -1)?
4
What is 1 + -5 - ((-5 - -5) + -2)?
-2
Calculate -2 + (3 - 1) - (43 + -39).
-4
Evaluate 2 + -7 + 4 - -3.
2
What is 2 - -5 - ((-7 - -1) + 12)?
1
Evaluate 6 - (6 - (-2 + 4)).
2
Evaluate 4 + -11 - (2 + 2 + -19).
8
What is -11 - -9 - -5 - 2?
1
(0 - (2 - 6)) + -30 + 30
4
(-6 - 1) + (-1 - -8)
0
What is 2 - (-8 - (-6 - 1))?
3
What is 3 + (5 - (-2 + 5)) - 3?
2
-5 - (-2 + (-12 - -16))
-7
Calculate -3 - -3 - (-3 - 3 - 1).
7
Calculate 12 + -5 + 0 + -4.
3
What is 1 + -6 - (-16 - (-32 - -16))?
-5
Evaluate 4 - -1 - (2 + -5 - -4).
4
What is the value of -5 + 1 - (-3 - 3 - -8)?
-6
Evaluate -89 + 94 - (-1 + 15).
-9
What is the value of -1 + 4 + -6 - -2?
-1
What is the value of -3 + 2 + (5 - (-3 + 9))?
-2
(11 + -9 - 10) + 5
-3
What is (-23 - -26) + -4 + 1?
0
Evaluate -3 + (-3 + 2 - -5 - 5).
-4
Calculate -6 + 10 - -11 - 10.
5
What is 2 - (14 + -5 + -2)?
-5
Calculate -4 - (-6 - 2 - 0) - 4.
0
Evaluate 1 - (3 - (-3 + (1 - -5))).
1
Evaluate 6 + -10 - (-2 + 0).
-2
Evaluate 6 + (-2 + 1 + 2 - 14).
-7
Calculate -5 - -6 - (2 - (1 + 3)).
3
What is -1 + (-16 - -12 - 3)?
-8
Calculate -2 + 1 + (0 - 4) + 10.
5
Calculate (8 - 4 - 2) + -8 + 2.
-4
What is 5 + (-11 - 1) + 3?
-4
7 - -1 - (6 - 2)
4
What is (3 - -1 - 6) + 3?
1
What is the value of 4 + 2 - (1 + 9)?
-4
What is the value of (-7 - 0) + (-6 - -13)?
0
What is 1 + -5 - (10 - 21) - 1?
6
(-2 + 1 + 7 - 6) + -5
-5
3 + (1 - (9 - 1))
-4
(-1 - -8) + -31 + 27
3
What is the value of (-4 - -10) + (-7 - -5)?
4
9 + 1 + -4 - 4
2
What is 24 + -27 - (1 + (-2 - -2))?
-4
What is the value of (-5 + -6 - -9) + 4 + -2?
0
What is the value of -8 - (6 + -14 + 0)?
0
What is the value of -7 - -5 - (0 + -1)?
-1
14 + 7 + -14 + 2
9
Evaluate 5 - 1 - (-19 + 14) - 5.
4
Calculate 3 - (-7 + 2 + 1 + 7).
0
Evaluate (26 - 26 - (-1 + -5)) + 2.
8
What is 2 + (-1 - (6 + -4 + -4))?
3
What is the value of 1 + (4 - 2) + (-23 - -15)?
-5
145 + -135 - (8 + -1)
3
What is the value of 4 - 8 - (-2 + -4 + 6)?
-4
0 + -1 + -2 + 1 + 9
7
What is the value of 2 - (-1 - (-11 - -4))?
-4
What is the value of (0 - 6) + 1 + (51 - 51)?
-5
(-2 - 2) + 2 - (-40 - -47)
-9
What is -3 + (16 - 15) - (-1 - -2)?
-3
-4 + 1 - (5 - 12 - -5)
-1
What is the value of 32 + -25 + (7 - 10)?
4
Evaluate -1 + 3 + 0 + -1.
1
What is the value of 0 + -4 + (-1 - -3) + 7?
5
-12 + (8 - 14 - -12)
-6
-4 + 2 - (1 - (12 + -7))
2
What is the value of 16 + 11 + -4 + -18?
5
Calculate (4 - (9 - 0 - -1)) + -1.
-7
What is (-3 - -3) + -4 + 0 - -1?
-3
5 - (2 + (7 - 12) - -13)
-5
Calculate (3 - 0 - 6) + (0 - -4).
1
-16 + -8 + 18 + (10 - -2)
6
Evaluate (-1 - -1) + -1 + 1 + 2.
2
What is 0 + (5 - (12 + -6)) - -8?
7
What is the value of 1 - 3 - 3 - -5?
0
Evaluate 3 + (-4 - (-2 + -6 + 3)).
4
-8 + (23 - 9) + 2
8
What is -1 + (4 - (12 - 4)) + 11?
6
Calculate (-4 - (4 - 10)) + (-2 - -1).
1
Calculate 22 + -22 + (-1 - (2 + 1)).
-4
What is the value of -9 + 1 - (-5 + -1)?
-2
Calculate 1 + 1 + 3 + -1 + -7.
-3
What is the value of 11 + 1 - (-160 - -169)?
3
Calculate 0 - (-16 + 11 - -16).
-11
What is (0 - -3) + (-2 - (-6 - -5))?
2
Evaluate -6 + (2 + 4 + 0 - -1).
1
What is the value of (-6 + 3 - -2) + (5 - 3)?
1
What is -1 + 1 + -4 + 3 + 0?
-1
What is the value of (-7 - 5) + 8 - -4?
0
What is 9 + -3 + -7 - (-3 - 0)?
2
Calculate (2 + 2 - 2) + 0 + -3.
-1
What is -2 + -1 + 1 + (5 - 3)?
0
What is the value of (-1 - 14) + 5 - -8?
-2
-1 + (-2 + 0 - 0)
-3
Calculate -2 - (7 - (3 - (-6 + 6))).
-6
What is the value of (12 + 1 - (42 + -36)) + -7?
0
What is -1 + (-2 - -1) + 0?
-2
(1 - 4) + -6 + (1 - -3)
-5
What is 7 - (7 + -11 - -15)?
-4
What is -1 - (-3 + -1 + -2 + 5)?
0
What is -7 - -6 - (4 + -10 - -2)?
3
Calculate 4 + -1 + 4 + (-5 - 1).
1
What is 2 - (2 + 8 + -3)?
-5
Evaluate -16 + 13 + 4 + 0.
1
What is 5 - (9 + 1) - (0 - 1)?
-4
Calculate -12 + 20 + -5 + 3 + -5.
1
2 + 1 + -3 + 3 + -5
-2
Evaluate (-1 - 4 - -1) + -6.
-10
What is the value of -7 + 9 + (-5 - (5 - 1))?
-7
7 + (4 + -3 - (14 + -9))
3
2 + -2 - (-13 - -15)
-2
What is -1 - (0 + -4 - -5) - -6?
4
What is 10 - (-9 + 18 - 1)?
2